j + j + 48. What is the units digit of j?
8
Suppose -7*n + 1394 = -5*n. What is the tens digit of n?
9
Let q(f) = -f**2 - 5*f + 2. Let s be 12/30 - 27/5. Let x be q(s). Suppose 5*y - 300 = x*d, -4*d = -0*y + 2*y - 120. What is the units digit of y?
0
What is the units digit of 28/(-8*1/(-592))?
2
Let i = -433 + 995. What is the hundreds digit of i?
5
Let t(z) = -z - 1. Let g(f) = f**2 + f + 36. Let a(c) = g(c) + 2*t(c). What is the hundreds digit of a(-11)?
1
Suppose -3*r - 825 = -5*s, -495 = 3*s - 6*s + 2*r. What is the units digit of s?
5
Let r be 7/(21/18)*(-4)/(-6). Suppose -r*n = -2*n - 54. What is the units digit of n?
7
Let g(v) = -v. Let h be g(-4). Suppose 15*u + 108 = 19*u. Let l = u - h. What is the tens digit of l?
2
Suppose -2 + 6 = u. Let x be (u/2)/(10/(-285)). What is the tens digit of 8/16 - x/2?
2
Let f(g) = -g**3 - 5*g**2 + 12*g + 27. What is the units digit of f(-9)?
3
Suppose -3*y + 29*y = 15808. What is the hundreds digit of y?
6
Let d(f) = -3*f**2 - 3. Let w be d(-3). Let p = w - -68. What is the tens digit of p?
3
Let t(l) = l**3 - 26*l**2 + 72*l - 48. What is the hundreds digit of t(24)?
5
Let l = 78 + -73. Let b(j) = j**3 + j**2 + 3*j - 23. What is the units digit of b(l)?
2
Let w = -31 - -29. What is the hundreds digit of (-966)/(-8) + 1 - w/8?
1
Let w = 16 - 32. Let m(p) be the first derivative of -p**4/4 - 17*p**3/3 - 8*p**2 + 15*p - 13. What is the tens digit of m(w)?
1
What is the tens digit of (1 - -201)*(-19)/((-418)/231)?
2
Let w(i) = -i**3 - 7*i**2 - 7*i + 7. Suppose y - 2*y = -3*m - 33, -4*y - 4*m + 52 = 0. Suppose 0 = -2*f - y + 6. What is the tens digit of w(f)?
1
Let d = 3 + 0. Let c = d + 0. Suppose c*x - 5*b = -0*x + 118, -x - 3*b = -16. What is the tens digit of x?
3
Suppose -f = -6*f - 5*u + 1030, 1034 = 5*f + u. Let p = -87 + f. What is the tens digit of p?
2
Let d(b) = -b**3 + 8*b**2 - 11*b + 13. Let q be d(6). Let f = 87 - q. What is the units digit of f?
8
Suppose 2*m - 4 = -14, 0 = 5*d + 4*m - 85. Suppose -16*t = -d*t + 70. What is the units digit of t?
4
What is the tens digit of (-4)/22 + 200700/330?
0
Let s(h) = -278*h + 111. What is the hundreds digit of s(-8)?
3
Let z(t) = t + 5*t**2 + 2*t + 1 - 5*t. What is the units digit of z(2)?
7
Suppose -5*v = 5*h + 10, 5 = 3*v - 4*v + 2*h. What is the units digit of v + 3 + 4 + -2?
2
Suppose -p - 4650 = -7*q + 11712, -9 = 3*p. What is the tens digit of q?
3
Suppose 0 = -8*l + 3*l, -m = l - 512. What is the units digit of m?
2
Suppose 3*i + 3*t - 32 = -11, -4*t + 31 = 5*i. Suppose 2*w - 4*w = -i*p + 130, -20 = -5*w. What is the tens digit of p?
4
Suppose 2*g = 6*g + 8, -4*r - g + 2106 = 0. What is the units digit of r?
7
Let s be 7/(-28) - (-47)/(-4). Let p(h) = -h**2 - 17*h + 16. Let d be p(s). Suppose -d = -4*u + 2*v, 0 = -u - 3*v + 12 + 14. What is the units digit of u?
0
Let o = 377 - 44. What is the hundreds digit of o?
3
Let f(d) = -d + 604. Let s be f(0). Let q = s - 430. Suppose 6*u - q = 3*u. What is the tens digit of u?
5
Let a(o) be the second derivative of -o**4/12 - 13*o**3/6 - 5*o**2 - 2*o. Let w = 319 - 325. What is the units digit of a(w)?
2
Suppose 0 = -2*j + 526 + 4008. What is the thousands digit of j?
2
Let t(h) = -2*h. Let k be t(2). Let l(m) = 3*m**2 - 7*m - 14. What is the tens digit of l(k)?
6
Let y = -224 + 377. What is the tens digit of y?
5
Let o = 512 + -338. What is the hundreds digit of o?
1
Suppose -f = 5*s - 871, -s + 89 = -5*f - 80. What is the hundreds digit of s?
1
Let t = 70 + -62. Suppose -t*l - 6*l + 1008 = 0. What is the units digit of l?
2
Suppose 2*w - 3171 = 5*n + 1800, w - 2493 = 4*n. What is the thousands digit of w?
2
Suppose 4*s - 450 = -2*c + 2892, 4*s + 3302 = 2*c. What is the hundreds digit of c?
6
Let v be (-1)/(-5) + (-264)/(-55). Suppose -u + 7 = u - v*k, -2*u - 5*k - 3 = 0. What is the units digit of u?
1
Suppose 0 = -2*w + 6, 50 = -2*p - 4*w. Let y = 14 + p. Let j = y + 33. What is the tens digit of j?
1
Suppose 3*p - 5*p + 918 = 3*y, 3*y + 450 = p. What is the units digit of p?
6
Let x(v) = -3*v - 4 - 6 - 1. Let g(f) = f**3 + 9*f**2 + 3*f + 19. Let u be g(-9). What is the tens digit of x(u)?
1
Suppose -75 = -9*i + 4*i - 5*z, 3*z - 5 = i. What is the units digit of 25*(36/i + (2 - 2))?
0
Let g(v) = -108*v + 3. Let d be g(-2). Let r = d + -148. Let c = r + -29. What is the tens digit of c?
4
Suppose -3*r + 31 = 16. Let b(p) be the first derivative of -p**4/4 + 7*p**3/3 - 9*p**2/2 + 8*p - 1. What is the tens digit of b(r)?
1
Let n = 27 - 27. Suppose f - 152 = -0*f. Suppose 4*h = -n*h + f. What is the tens digit of h?
3
Let j = 53 + -55. Let t(m) = -m**3 - m**2 - 3*m - 1. What is the units digit of t(j)?
9
Let w(q) = q**3 + q**2 + q + 1. Let u(h) = 5*h**3 + 9*h**2 + 5*h. Let c(a) = -u(a) + 4*w(a). Let s be c(-5). What is the units digit of ((-57)/s + 3)*-3?
0
Let l = -516 + 2311. What is the units digit of l?
5
Suppose -3*b + 358 - 61 = 0. Let c = b - 57. What is the units digit of c?
2
Let y be (2/2)/((-1)/2). Let c = 26 + y. What is the tens digit of c?
2
Suppose -5*k + 259 = -76. Suppose -32 = -a + k. What is the units digit of a?
9
Let v = -304 + 397. What is the tens digit of v?
9
Suppose 5*q - 9245 = -4*w, -w + 2315 = 24*q - 19*q. What is the units digit of w?
0
What is the tens digit of (-41)/123 - (-736)/3?
4
Suppose 3*f = 3*p + 27, 6*f = 5*f - 4*p - 6. Suppose f*z - z = 75. Suppose h = 10 + z. What is the tens digit of h?
2
Let k = -711 - -1310. What is the units digit of k?
9
Let s(t) = t**2 - 10*t + 7. Let a be s(10). Suppose -h = -a*h + 1056. Suppose -4*w - 2*o + 218 = -4*o, -4*o - h = -3*w. What is the tens digit of w?
5
Let y = 175 - 209. Let o(d) = -d**3 + 5*d**2 - 2*d - 2. Let s be o(5). Let j = s - y. What is the units digit of j?
2
Let b(s) = -s + 11. Let r be b(8). Suppose 0 = t - 3*u + r, 4*u = -20. What is the units digit of 4/t - (-1148)/63?
8
Let c = 9168 + -6298. What is the tens digit of c?
7
Suppose -94*l - 17220 = -100*l. What is the units digit of l?
0
Let y(o) = -o**3 + 15*o**2 - 5*o - 1. Let j(r) = r**2 - 1. Let b(h) = 6*j(h) - y(h). What is the units digit of b(9)?
0
Let s(i) = -11*i**3 + i**2 + 2*i. Let x(b) = -b**2 + 9*b - 2. Let l be x(9). What is the units digit of s(l)?
8
Suppose 0 = 4*r - 5*d - 44, -5*r - d + 29 = 3. Suppose -x + 700 = r*x. What is the tens digit of x?
0
Let f(n) = 6*n - 21. Let g be (0 - (-3)/3)*10. Suppose 2*o - 28 + g = 0. What is the units digit of f(o)?
3
Let x be (-10)/(-70) + (-40)/(-14). Suppose -x*p + 6 = -3. Suppose 2*l - u + 14 = p*l, l - 24 = 4*u. What is the units digit of l?
6
Suppose -11*k - 7 = -12*k. Let x(c) = 2*c**2 - 6*c + 6. Let f be x(k). Suppose 0 = 3*j + 20 - f. What is the tens digit of j?
1
Let d be 15/(-2)*(0 + -2). Let f be 2106/d + 12/(-30). Suppose 5*g + 4*h = 3*h + 155, -4*g - 4*h = -f. What is the units digit of g?
0
Let w(b) = 23*b**2 + 9*b + 3. Let j be w(-2). Suppose 431 = 6*d + j. What is the tens digit of d?
5
Let y = -19 + 18. Let a be (9 + -9)*1/y. Suppose 4*k + 5 - 109 = a. What is the units digit of k?
6
What is the hundreds digit of (1/(15/6))/(16/13040)?
3
Let f be 2/3 - (-116)/6. Suppose f = 8*p - 3*p. Suppose p*b = 2*b + 10. What is the units digit of b?
5
Let t(n) = n**2 + n - 1. Let d be t(-3). Suppose 2*c = 5*y + 755, -1278 + 520 = -2*c + 4*y. Suppose c = d*k - 0*k. What is the tens digit of k?
7
Suppose 0 = -4*w - 4*a + 11493 - 669, 4*w = 2*a + 10848. What is the hundreds digit of w?
7
Let g be (-16)/(-20) + (-22)/(-10). Let m(v) = 4*v**g - 3*v**3 - 6 + 6*v + v**2 - 6*v**2. What is the tens digit of m(6)?
6
Let u be 9 + 0 + 3 + -1. Let t(l) be the third derivative of -l**6/120 + l**5/6 + 7*l**4/12 - l**3/2 - 9*l**2. What is the units digit of t(u)?
0
Let l(i) = 8*i - 11. Let n be l(2). Suppose 0 = 4*q - 3*k - 262, 4*q - 6*k - 258 = -n*k. What is the units digit of q?
4
Let i = -1758 + 3795. What is the units digit of i?
7
Let b = -275 + 519. What is the units digit of b?
4
Let i be 5 - (4 + 0)/4*1. What is the tens digit of i/(-6) + 838/6?
3
Let q(g) = 2*g**2 + 5*g - 17. Suppose -15 = 44*x - 41*x. What is the units digit of q(x)?
8
Let a = 746 - 579. What is the tens digit of a?
6
Let f(l) = 3*l**2 + 6*l - 1. What is the tens digit of f(8)?
3
Let b be (-9 + 15)*(-2)/(-4). Let q be (16/(-12))/(b/(